- -10) + -3?
-2
Calculate -2 + -1 - (-18 - -15).
0
What is 5 + -3 + (1 - 0) + 1?
4
What is 7 - (0 + 2 + 0)?
5
4 + (4 - (1 + -2)) + -3
6
What is -40 + 45 + (2 - (2 + 0))?
5
What is the value of -1 + 6 + -8 + 3?
0
9 + -9 + -7 - -1
-6
-1 - (11 - 9 - 7)
4
3 + -2 + -6 + 5
0
What is the value of -11 + -1 + 3 - -4?
-5
0 - 3 - (2 + 2 + -7)
0
What is (-1 - 0) + (-2 - 0) - 1?
-4
Calculate -3 - (-8 - (-2 + 1)).
4
Evaluate 16 - 12 - (1 - 0).
3
Evaluate -3 - (-3 + -9 + 4) - 3.
2
What is the value of (16 + 6 - 10) + (-5 - 1)?
6
What is the value of 4 + (-24 + 20 - (0 - -1))?
-1
What is the value of 3 + 2 + -5 + -2?
-2
1 + -5 + (1 - -1) - -4
2
Calculate (1 - 7) + -30 + 35.
-1
What is the value of 0 + -1 - ((-5 - 6) + 4)?
6
-8 - -1 - -4 - -7
4
What is (-1 - (-5 - -4)) + 2 - -1?
3
(1 + 4 - (-1 - 1)) + -2
5
-3 + (-4 - -3) + 2
-2
Evaluate 1 + -6 + 8 + (-7 - 0).
-4
Evaluate -11 + (6 - 19 - -27).
3
What is 3 + (2 - 8) - (-4 - 0)?
1
What is the value of -2 + 8 + -4 - -1?
3
What is 3 - (3 - (1 - -3 - 2))?
2
What is the value of (9 - 11) + 0 + 0 + -3?
-5
Evaluate -2 - (5 + -12) - (1 - -4).
0
What is -4 + 5 - (-8 + 9) - -6?
6
What is (-36 - -27 - -8) + -7 + -1?
-9
What is (4 - (-2 - 0)) + -110 + 98?
-6
What is the value of (3 - 12) + 2 - (-43 - -36)?
0
What is the value of 0 - (1 + -5 - -1)?
3
Calculate 2 - (9 - 0) - -6.
-1
Evaluate (5 - (-8 - -16)) + -4.
-7
Calculate 12 - 14 - (-7 + 5).
0
Evaluate -5 - (-3 + (9 - 1) + -7).
-3
What is the value of -5 - -2 - (-2 - 1) - 5?
-5
What is 0 + -5 - (-9 - -5)?
-1
(-4 - -1 - 2) + (0 - 1)
-6
5 + 7 + -5 - 3
4
What is the value of 2 - (2 - (-1 - -1))?
0
What is 1 - ((8 - 6) + -1)?
0
What is -28 + 31 + (-1 + -3 - -2)?
1
What is the value of -1 + -6 - (1 + -7)?
-1
What is -17 + 20 + -2 + 5?
6
What is the value of (-4 - (3 + -9 + 5)) + 7?
4
Evaluate -10 + 1 + 76 + -62.
5
Evaluate 0 + 2 - ((-4 - -7) + 3).
-4
What is 6 + -1 - (-10 - -13)?
2
Calculate 11 - 7 - (1 + 2) - -3.
4
5 - (6 - ((2 - 3) + 5))
3
Calculate 7 + -18 + 12 + 1 + -6.
-4
(-1 - 2) + 0 + 0 - -4
1
Calculate 3 + -7 - -4 - 5.
-5
Calculate 3 + -5 + 2 + 2 + -2.
0
What is the value of 3 + 5 + -1 - 5 - 6?
-4
What is the value of (15 - 7) + -6 + -2?
0
What is 0 + (4 + -2 - -3)?
5
(3 - -2) + (1 - 1) + -4
1
What is -4 - (0 + -2) - (-1 + 4)?
-5
What is the value of -13 + 4 + 1 - (-10 - -10)?
-8
Evaluate 7 + 0 + (-1 - 1) - 2.
3
Calculate -5 - (4 - (-4 + 8 - -12)).
7
What is the value of -10 + 5 + 5 + (0 - 0)?
0
What is -4 - 1 - -4 - -2?
1
What is the value of -4 - (1 + -4 + 7)?
-8
Calculate 7 + -4 + (-2 - 0).
1
What is -3 + (-16 + 12 - (-1 - 1))?
-5
Calculate 4 + -6 + 0 + 3 + 1.
2
What is the value of (6 - 2 - 0) + 1?
5
What is the value of 5 + 4 + 0 + -7?
2
Evaluate 2 - (2 - 2) - (6 - -1).
-5
What is the value of (-3 - (-8 - 0)) + -6 + -6?
-7
Calculate 6 + (3 - 5) - 0.
4
What is the value of -6 - (4 - 2) - 2?
-10
What is the value of -12 + 4 + 5 + -2 + 13?
8
Calculate 1 - -2 - (2 + 0 - -2).
-1
What is the value of 154 + -150 + (1 + 1 - 9)?
-3
Evaluate (-4 - -8) + 1 - 2.
3
Evaluate (-18 - -19) + -1 + 4.
4
Calculate -4 + 0 + 0 + 11 + -13.
-6
Calculate -1 + (-5 - -5) - (2 - 0).
-3
What is the value of -3 + (-3 - (-4 + -5))?
3
What is (20 - 12) + 1 + -5 + 1?
5
What is -14 + 12 + (0 - 1 - -9)?
6
Calculate 244 + -244 + (-1 - -2) + -2.
-1
Evaluate -2 + -2 - (-1 + -1).
-2
What is (-2 - -4) + -4 + 0 + 5?
3
What is (5 - 0) + -59 + 54 - -5?
5
What is the value of (-1 - 2) + (7 - (-3 - -9))?
-2
What is the value of -2 - (3 + (3 - 11) + 0)?
3
Evaluate -6 + -1 - (-5 + -1).
-1
Evaluate -7 - (-2 + 1 + -14).
8
What is the value of -10 - ((-1 - 4) + 0)?
-5
Calculate 9 + -1 + -3 + -3.
2
What is 7 + (-3 - (-4 - -5))?
3
-1 - (-3 + -1) - 10
-7
-2 - ((2 - -1) + 2 - 6)
-1
What is -1 + -11 - -5 - 0 - -13?
6
-7 + (4 + -6 - -5)
-4
Evaluate 7 - ((-1 + -6 - -2) + 12).
0
Evaluate 1 + -3 + 2 + -2.
-2
Calculate 0 - (1 + -2) - (-4 + 7).
-2
0 + 2 - (-2 + -8 + 5)
7
-2 + 9 + -1 + -1 + 1
6
What is the value of -2 + -5 - -2 - -2?
-3
Evaluate -2 + 5 - -1 - 0.
4
What is the value of 4 - (6 - (6 - 1))?
3
Calculate 6 + (-13 - -3) + (2 - -1).
-1
2 + 0 + (-108 - -99)
-7
Evaluate (3 + -5 - 3) + 4 + 4.
3
Calculate 2 + -8 + 12 + 0 + -1.
5
What is the value of -6 + 8 + (-10 - -7)?
-1
What is the value of -5 - ((-5 - 0) + (2 - 0))?
-2
Calculate -6 + 17 + -4 + -2 - -2.
7
What is the value of 4 + -5 + 7 + (-4 - -3)?
5
2 + 7 - (11 - (11 + -5))
4
Calculate 4 + 6 - 19 - (0 + -3).
-6
Evaluate 5 + (5 - -7 - 10).
7
9 + (-27 - -8) + 4
-6
Evaluate -6 + 8 + -4 + -3.
-5
Evaluate -3 - -1 - (3 + -1 + -2).
-2
What is the value of 5 - (4 + -6 + 5) - 2?
0
Evaluate (-2 + 0 + 13 - 4) + 2.
9
Calculate -2 + 15 + (-4 - 1) - 5.
3
What is the value of -9 + (5 + -1 - -2)?
-3
Calculate -7 - (-2 - (6 + -3)).
-2
What is 10 + (-3 + -1 - 0) - -1?
7
What is the value of (0 - 5) + 11 + -8?
-2
What is the value of -4 - (-3 + -8 + 4)?
3
Calculate 8 + 2 + -1 - (15 - 11).
5
3 + 2 - (-1 + (-1 - -6))
1
What is the value of -1 - 6 - (5 - 9)?
-3
1 + (0 - 2) + -4
-5
(-2 - 1) + (3 - 0) + 1
1
Evaluate (1 - (15 + -6)) + 0.
-8
Calculate 0 - (-3 + 3) - -1.
1
What is the value of -1 + -1 + -18 + 6 + 9?
-5
Calculate -18 - 1 - (56 + -65).
-10
Evaluate (-5 - 3) + 1 - -8.
1
What is the value of 8 + -4 + -1 + -1 + 0?
2
What is the value of -4 - (0 + (2 - 1)) - -9?
4
What is 3 - ((6 - -3) + -4)?
-2
What is the value of 2 - (0 + (-2 - -2) + -6)?
8
(-3 - (-3 - -1)) + (2 - -1)
2
Calculate -9 - (-5 - (-3 - -5)).
-2
What is the value of -37 + 34 - ((0 - 1) + -9)?
7
What is 17 - 21 - (-2 - 0)?
-2
What is the value of 6 + (3 - (6 - (3 - 1)))?
5
Evaluate -5 + 11 - (-1 - -9).
-2
Calculate 2 - (-1 - (-1 - 1)) - -3.
4
What is the value of 5 - (7 + 0 - -3)?
-5
What is -2 + (4 - 6) + 8 - 7?
-3
What is (2 - -1) + (5 - -4) + -14?
-2
8 + -11 + -6 + 3
-6
What is the value of 0 + 0 + 0 - (5 - 2)?
-3
Calculate -5 - (0 - 6 - 4).
5
What is the value of -1 + -4 - -1 - (9 - 12)?
-1
What is -2 + (11 - 2) + (-1 - 1)?
5
2 + -4 - (7 - 14)
5
What is 28 - 14 - (15 + -5)?
4
What is 1 - (6 - (17 - 7))?
5
Calculate (4 - (8 - 4)) + -3 + -2.
-5
Evaluate -2 - ((3 - 1 - 7) + 2).
1
What is the value of -1 + 5 + (-12 - (-13 - -6))?
-1
Evaluate 2 - (-6 + 5) - 5.
-2
-27 - -21 - (-13 - -4)
3
Calculate 0 - (-2 - -1) - (18 - 15).
-2
Evaluate 0 + 1 - ((-1 - 1) + 6).
-3
What is -17 - -2 - (71 + -75)?
-11
What is -1 + 3 + -1 + (-2 - 0)?
-1
What is the value of (22 - 23 - (-1 + 2)) + 2?
0
What is 3 - ((-4 - -2) + 7)?
-2
-4 + (10 - 1) - (10 + -14)
9
Evaluate (-5 - 1) + (7 - 2).
-1
5 + -5 - -7 - 5 - 8
-6
Evaluate 2 + (-2 + 5 - (-9 + 11)).
3
Evaluate -2 - 1 - (0 - -2).
-5
What is the value of 0 + (-1 - (5 - 2)) - -2?
-2
Calculate -2 + 1 - (-1 + 1).
-1
What is the value of (-10 - -11) + -3 + 0?
-2
Evaluate (23 - 24) + (-3 - 0).
-4
7 - 7 - (-6 + 1)
5
What is the value of 4 - ((7 - 3) + -4)?
4
What is (4 - 0) + (-16 - (-13 + 4))?
-3
Evaluate -6 + (3 - -3) + 0.
0
What is -11 + -1 + 8 + 4?
0
Evaluate -8 + 4 + 9 + -2 - -2.
5
Calculate 3 + 3 + 4 - 6.
4
Evaluate -1 - (-3 + 3 + -3) - -3.
5
What is the value of -18 + 19 + (0 - -1)?
2
Evaluate -7 + 3 + -2 - (-4 + 2).
-4
What is the value of 3 + 0 + -7 + -1 + 4?
-1
What is the value of -10 + 3 - (0 + -3)?
-4
Evaluate -1 + (8 + (-7 - 2) - -5).
3
What is the value of -1 - -6 - (11 - 9)?
3
What is -5 + 0 + -12 + 13 + 4?
0
What is the value of 2 - (-3 - (-3 - (-6 + 4)))?
4
What is -4 + -3 - (3 - 14)?
4
Calculate 6 - (9 + (6 - (15 - 5))).
1
Evaluate (-4 - (-4 - (1 - 1))) + -4.
-4
What is the value of 2 + (0 - -2) - 5?
-1
(-11 - -4) + (-8 + 4 - -9)
-2
Evaluate 0 - (-7 + -9 + 10).
6
Evaluate -1 + 3 + -2 + -1 + 6.
5
Evaluate -2 + (9 - 2) + -4.
1
Evaluate 0 - -2 - (6 - -1).
-5
Evaluate (0 + 4 - 5) + (1 - -1).
1
What is the value of (-2 - 2) + (3 - -3) + -8?
-6
Calculate 0 + -1 + -4 + 6 + 3.
4
Evaluate 1 - (10 + (-11 - -1)).
1
What is -5 - (9 + -16 + 4)?
-2
Evaluate -12 + (-1 - -3) - (-28 - -25).
-7
Evaluate 5 - -2 - (-5 + 1 - -5).
6
Calculate -3 + -22 + 27 - (0 + 13).
-11
What is (-3 - 0) + (161 - 154)?
4
What is the value of -3 + 4 + -3 - -3?
1
Evaluate 0 + (3 - (0 - -5)).
-2
What is -3 + 0 + -3 + 12 - 4?
2
Evaluate 0 - -3 - (5 - 1).
-1
What is the value of 2 + 2 + -14 + 12?
2
Evaluate 11 - (10 + 1 + -7).
7
What is the value of (12 + (-9 - -4) - 2) + -2?
3
Calculate 2 + -9 + -2 + 4.
-5
What is 5 -